{"id":1363,"date":"2023-08-11T17:40:55","date_gmt":"2023-08-11T20:40:55","guid":{"rendered":"https:\/\/aqia.net\/vet-solutions\/blog\/"},"modified":"2023-12-04T09:28:25","modified_gmt":"2023-12-04T12:28:25","slug":"blog","status":"publish","type":"page","link":"https:\/\/aqia.net\/vet-solutions\/blog\/","title":{"rendered":"Blog"},"content":{"rendered":"\t\t<div data-elementor-type=\"wp-page\" data-elementor-id=\"1363\" class=\"elementor elementor-1363\" data-elementor-post-type=\"page\">\n\t\t\t\t\t\t<section class=\"elementor-section elementor-top-section elementor-element elementor-element-f356e29 elementor-section-height-min-height elementor-section-content-middle elementor-section-items-stretch elementor-section-boxed elementor-section-height-default\" data-id=\"f356e29\" data-element_type=\"section\" data-settings=\"{&quot;background_background&quot;:&quot;classic&quot;}\">\n\t\t\t\t\t\t<div class=\"elementor-container elementor-column-gap-default\">\n\t\t\t\t\t<div class=\"elementor-column elementor-col-50 elementor-top-column elementor-element elementor-element-d075b02\" data-id=\"d075b02\" data-element_type=\"column\" data-settings=\"{&quot;background_background&quot;:&quot;classic&quot;}\">\n\t\t\t<div class=\"elementor-widget-wrap elementor-element-populated\">\n\t\t\t\t\t\t<div class=\"elementor-element elementor-element-001a104 animated-slow elementor-invisible elementor-widget elementor-widget-heading\" data-id=\"001a104\" data-element_type=\"widget\" data-settings=\"{&quot;_animation&quot;:&quot;fadeIn&quot;}\" data-widget_type=\"heading.default\">\n\t\t\t\t<div class=\"elementor-widget-container\">\n\t\t\t\t\t<h2 class=\"elementor-heading-title elementor-size-default\">Blog<\/h2>\t\t\t\t<\/div>\n\t\t\t\t<\/div>\n\t\t\t\t<div class=\"elementor-element elementor-element-11e5058 elementor-widget__width-initial elementor-invisible elementor-widget elementor-widget-text-editor\" data-id=\"11e5058\" data-element_type=\"widget\" data-settings=\"{&quot;_animation&quot;:&quot;fadeIn&quot;}\" data-widget_type=\"text-editor.default\">\n\t\t\t\t<div class=\"elementor-widget-container\">\n\t\t\t\t\t\t\t\t\t<p><span style=\"white-space-collapse: preserve;\">Fique por dentro das pr\u00f3ximas tend\u00eancias e demandas do mercado veterin\u00e1rio com nossos lan\u00e7amentos e todas as novidades dos grandes eventos do setor.<\/span><\/p>\t\t\t\t\t\t\t\t<\/div>\n\t\t\t\t<\/div>\n\t\t\t\t\t<\/div>\n\t\t<\/div>\n\t\t\t\t<div class=\"elementor-column elementor-col-50 elementor-top-column elementor-element elementor-element-42c72ca elementor-hidden-mobile\" data-id=\"42c72ca\" data-element_type=\"column\">\n\t\t\t<div class=\"elementor-widget-wrap\">\n\t\t\t\t\t\t\t<\/div>\n\t\t<\/div>\n\t\t\t\t\t<\/div>\n\t\t<\/section>\n\t\t\t\t<section class=\"elementor-section elementor-top-section elementor-element elementor-element-1e80ea2 elementor-section-content-top elementor-section-boxed elementor-section-height-default elementor-section-height-default\" data-id=\"1e80ea2\" data-element_type=\"section\" data-settings=\"{&quot;background_background&quot;:&quot;classic&quot;}\">\n\t\t\t\t\t\t<div class=\"elementor-container elementor-column-gap-no\">\n\t\t\t\t\t<div class=\"elementor-column elementor-col-66 elementor-top-column elementor-element elementor-element-b872e62\" data-id=\"b872e62\" data-element_type=\"column\">\n\t\t\t<div class=\"elementor-widget-wrap elementor-element-populated\">\n\t\t\t\t\t\t<div class=\"elementor-element elementor-element-2a5ad71 elementor-grid-2 blog-posts elementor-grid-tablet-2 elementor-grid-mobile-1 elementor-posts--thumbnail-top elementor-card-shadow-yes elementor-posts__hover-gradient elementor-widget elementor-widget-posts\" data-id=\"2a5ad71\" data-element_type=\"widget\" data-settings=\"{&quot;cards_columns&quot;:&quot;2&quot;,&quot;pagination_type&quot;:&quot;numbers_and_prev_next&quot;,&quot;cards_columns_tablet&quot;:&quot;2&quot;,&quot;cards_columns_mobile&quot;:&quot;1&quot;,&quot;cards_row_gap&quot;:{&quot;unit&quot;:&quot;px&quot;,&quot;size&quot;:35,&quot;sizes&quot;:[]},&quot;cards_row_gap_tablet&quot;:{&quot;unit&quot;:&quot;px&quot;,&quot;size&quot;:&quot;&quot;,&quot;sizes&quot;:[]},&quot;cards_row_gap_mobile&quot;:{&quot;unit&quot;:&quot;px&quot;,&quot;size&quot;:&quot;&quot;,&quot;sizes&quot;:[]}}\" data-widget_type=\"posts.cards\">\n\t\t\t\t<div class=\"elementor-widget-container\">\n\t\t\t\t\t\t\t<div class=\"elementor-posts-container elementor-posts elementor-posts--skin-cards elementor-grid\">\n\t\t\t\t<article class=\"elementor-post elementor-grid-item post-2315 post type-post status-publish format-standard has-post-thumbnail hentry category-blog-posts tag-filhote tag-filhotes tag-higiene-de-pets\">\n\t\t\t<div class=\"elementor-post__card\">\n\t\t\t\t<a class=\"elementor-post__thumbnail__link\" href=\"https:\/\/aqia.net\/vet-solutions\/2023\/11\/16\/blog-post-teste-duplicate-2202\/\" tabindex=\"-1\" ><div class=\"elementor-post__thumbnail\"><img fetchpriority=\"high\" decoding=\"async\" width=\"800\" height=\"534\" src=\"https:\/\/aqia.net\/vet-solutions\/wp-content\/uploads\/2023\/11\/shutterstock_1862192095-1024x683.jpg\" class=\"attachment-large size-large wp-image-2422\" alt=\"\" srcset=\"https:\/\/aqia.net\/vet-solutions\/wp-content\/uploads\/2023\/11\/shutterstock_1862192095-1024x683.jpg 1024w, https:\/\/aqia.net\/vet-solutions\/wp-content\/uploads\/2023\/11\/shutterstock_1862192095-300x200.jpg 300w, https:\/\/aqia.net\/vet-solutions\/wp-content\/uploads\/2023\/11\/shutterstock_1862192095-768x512.jpg 768w, https:\/\/aqia.net\/vet-solutions\/wp-content\/uploads\/2023\/11\/shutterstock_1862192095-1536x1024.jpg 1536w, https:\/\/aqia.net\/vet-solutions\/wp-content\/uploads\/2023\/11\/shutterstock_1862192095-2048x1365.jpg 2048w\" sizes=\"(max-width: 800px) 100vw, 800px\" \/><\/div><\/a>\n\t\t\t\t<div class=\"elementor-post__text\">\n\t\t\t\t<h3 class=\"elementor-post__title\">\n\t\t\t<a href=\"https:\/\/aqia.net\/vet-solutions\/2023\/11\/16\/blog-post-teste-duplicate-2202\/\" >\n\t\t\t\tHigiene de Pets Filhotes: uma linha especial para cuidados dermatol\u00f3gicos\t\t\t<\/a>\n\t\t<\/h3>\n\t\t\t\t<div class=\"elementor-post__excerpt\">\n\t\t\t<p>Manter a higiene dos pets em dia \u00e9 uma das maneiras mais eficazes de prevenir doen\u00e7as. Na primeira fase de vida n\u00e3o \u00e9 diferente. No entanto, \u00e9 necess\u00e1rio estar atento ao produto utilizado. Filhotes possuem a pele muito mais sens\u00edvel em compara\u00e7\u00e3o a animais adultos. Segundo dados do Censo Pet,<\/p>\n\t\t<\/div>\n\t\t\n\t\t<a class=\"elementor-post__read-more\" href=\"https:\/\/aqia.net\/vet-solutions\/2023\/11\/16\/blog-post-teste-duplicate-2202\/\" aria-label=\"Leia mais sobre Higiene de Pets Filhotes: uma linha especial para cuidados dermatol\u00f3gicos\" tabindex=\"-1\" >\n\t\t\tLeia mais \u00bb\t\t<\/a>\n\n\t\t\t\t<\/div>\n\t\t\t\t<div class=\"elementor-post__meta-data\">\n\t\t\t\t\t<span class=\"elementor-post-date\">\n\t\t\t16 de novembro de 2023\t\t<\/span>\n\t\t\t\t<\/div>\n\t\t\t\t\t<\/div>\n\t\t<\/article>\n\t\t\t\t<article class=\"elementor-post elementor-grid-item post-2202 post type-post status-publish format-standard hentry category-blog-posts\">\n\t\t\t<div class=\"elementor-post__card\">\n\t\t\t\t<div class=\"elementor-post__text\">\n\t\t\t\t<h3 class=\"elementor-post__title\">\n\t\t\t<a href=\"https:\/\/aqia.net\/vet-solutions\/2023\/11\/07\/blog-post-teste\/\" >\n\t\t\t\tFiSA: AQiA Vet Solutions esteve presente com solu\u00e7\u00f5es para a nutri\u00e7\u00e3o animal\t\t\t<\/a>\n\t\t<\/h3>\n\t\t\t\t<div class=\"elementor-post__excerpt\">\n\t\t\t<p>No m\u00eas de agosto, estivemos no\u00a0Food ingredients South America (FiSA), o maior evento de inova\u00e7\u00f5es para as ind\u00fastrias de ingredientes, alimentos e bebidas da Am\u00e9rica Latina. Durante os tr\u00eas dias, levamos inova\u00e7\u00e3o e toda a variedade de op\u00e7\u00f5es da nossa linha de ingredientes para a nutri\u00e7\u00e3o animal. Em nosso estande,<\/p>\n\t\t<\/div>\n\t\t\n\t\t<a class=\"elementor-post__read-more\" href=\"https:\/\/aqia.net\/vet-solutions\/2023\/11\/07\/blog-post-teste\/\" aria-label=\"Leia mais sobre FiSA: AQiA Vet Solutions esteve presente com solu\u00e7\u00f5es para a nutri\u00e7\u00e3o animal\" tabindex=\"-1\" >\n\t\t\tLeia mais \u00bb\t\t<\/a>\n\n\t\t\t\t<\/div>\n\t\t\t\t<div class=\"elementor-post__meta-data\">\n\t\t\t\t\t<span class=\"elementor-post-date\">\n\t\t\t7 de novembro de 2023\t\t<\/span>\n\t\t\t\t<\/div>\n\t\t\t\t\t<\/div>\n\t\t<\/article>\n\t\t\t\t<article class=\"elementor-post elementor-grid-item post-2203 post type-post status-publish format-standard has-post-thumbnail hentry category-blog-posts\">\n\t\t\t<div class=\"elementor-post__card\">\n\t\t\t\t<a class=\"elementor-post__thumbnail__link\" href=\"https:\/\/aqia.net\/vet-solutions\/2023\/11\/07\/blog-post\/\" tabindex=\"-1\" ><div class=\"elementor-post__thumbnail\"><img decoding=\"async\" width=\"800\" height=\"500\" src=\"https:\/\/aqia.net\/vet-solutions\/wp-content\/uploads\/2023\/11\/20230530_100136-edited-1024x640.jpg\" class=\"attachment-large size-large wp-image-2403\" alt=\"\" srcset=\"https:\/\/aqia.net\/vet-solutions\/wp-content\/uploads\/2023\/11\/20230530_100136-edited-1024x640.jpg 1024w, https:\/\/aqia.net\/vet-solutions\/wp-content\/uploads\/2023\/11\/20230530_100136-edited-300x188.jpg 300w, https:\/\/aqia.net\/vet-solutions\/wp-content\/uploads\/2023\/11\/20230530_100136-edited-768x480.jpg 768w, https:\/\/aqia.net\/vet-solutions\/wp-content\/uploads\/2023\/11\/20230530_100136-edited-1536x961.jpg 1536w, https:\/\/aqia.net\/vet-solutions\/wp-content\/uploads\/2023\/11\/20230530_100136-edited-2048x1281.jpg 2048w\" sizes=\"(max-width: 800px) 100vw, 800px\" \/><\/div><\/a>\n\t\t\t\t<div class=\"elementor-post__text\">\n\t\t\t\t<h3 class=\"elementor-post__title\">\n\t\t\t<a href=\"https:\/\/aqia.net\/vet-solutions\/2023\/11\/07\/blog-post\/\" >\n\t\t\t\tAQiA Vet Solutions no NIS 2023\t\t\t<\/a>\n\t\t<\/h3>\n\t\t\t\t<div class=\"elementor-post__excerpt\">\n\t\t\t<p>O Nutri Ingredients Summit deste ano proporcionou dois dias intensos de confer\u00eancias e feira B2B com foco em ingredientes funcionais para as ind\u00fastrias de alimentos, bebidas, suplementos alimentares e farmac\u00eautica. Promovida pela BHB Food, o NIS abordou temas com foco no desenvolvimento da cadeia de ingredientes funcionais alinhados \u00e0 saudabilidade.<\/p>\n\t\t<\/div>\n\t\t\n\t\t<a class=\"elementor-post__read-more\" href=\"https:\/\/aqia.net\/vet-solutions\/2023\/11\/07\/blog-post\/\" aria-label=\"Leia mais sobre AQiA Vet Solutions no NIS 2023\" tabindex=\"-1\" >\n\t\t\tLeia mais \u00bb\t\t<\/a>\n\n\t\t\t\t<\/div>\n\t\t\t\t<div class=\"elementor-post__meta-data\">\n\t\t\t\t\t<span class=\"elementor-post-date\">\n\t\t\t7 de novembro de 2023\t\t<\/span>\n\t\t\t\t<\/div>\n\t\t\t\t\t<\/div>\n\t\t<\/article>\n\t\t\t\t<article class=\"elementor-post elementor-grid-item post-2199 post type-post status-publish format-standard has-post-thumbnail hentry category-blog-posts\">\n\t\t\t<div class=\"elementor-post__card\">\n\t\t\t\t<a class=\"elementor-post__thumbnail__link\" href=\"https:\/\/aqia.net\/vet-solutions\/2023\/11\/07\/teste-de-post\/\" tabindex=\"-1\" ><div class=\"elementor-post__thumbnail\"><img decoding=\"async\" width=\"800\" height=\"450\" src=\"https:\/\/aqia.net\/vet-solutions\/wp-content\/uploads\/2023\/11\/IMG-20230518-WA0041-1024x576.jpg\" class=\"attachment-large size-large wp-image-2398\" alt=\"\" srcset=\"https:\/\/aqia.net\/vet-solutions\/wp-content\/uploads\/2023\/11\/IMG-20230518-WA0041-1024x576.jpg 1024w, https:\/\/aqia.net\/vet-solutions\/wp-content\/uploads\/2023\/11\/IMG-20230518-WA0041-300x169.jpg 300w, https:\/\/aqia.net\/vet-solutions\/wp-content\/uploads\/2023\/11\/IMG-20230518-WA0041-768x432.jpg 768w, https:\/\/aqia.net\/vet-solutions\/wp-content\/uploads\/2023\/11\/IMG-20230518-WA0041.jpg 1280w\" sizes=\"(max-width: 800px) 100vw, 800px\" \/><\/div><\/a>\n\t\t\t\t<div class=\"elementor-post__text\">\n\t\t\t\t<h3 class=\"elementor-post__title\">\n\t\t\t<a href=\"https:\/\/aqia.net\/vet-solutions\/2023\/11\/07\/teste-de-post\/\" >\n\t\t\t\tFarejando o Mercado Pet\t\t\t<\/a>\n\t\t<\/h3>\n\t\t\t\t<div class=\"elementor-post__excerpt\">\n\t\t\t<p>Neste ano, reunimos toda a nossa inova\u00e7\u00e3o e expertise para ind\u00fastrias veterin\u00e1rias em parceria com a FAV105 e a Amicci para promover o Farejando o Mercado Pet. O evento ocorreu no Hotel Bourbon Ibirapuera, em S\u00e3o Paulo, e trouxe muita troca de conhecimento e insights sobre nutrac\u00eauticos, longevidade animal, tend\u00eancias<\/p>\n\t\t<\/div>\n\t\t\n\t\t<a class=\"elementor-post__read-more\" href=\"https:\/\/aqia.net\/vet-solutions\/2023\/11\/07\/teste-de-post\/\" aria-label=\"Leia mais sobre Farejando o Mercado Pet\" tabindex=\"-1\" >\n\t\t\tLeia mais \u00bb\t\t<\/a>\n\n\t\t\t\t<\/div>\n\t\t\t\t<div class=\"elementor-post__meta-data\">\n\t\t\t\t\t<span class=\"elementor-post-date\">\n\t\t\t7 de novembro de 2023\t\t<\/span>\n\t\t\t\t<\/div>\n\t\t\t\t\t<\/div>\n\t\t<\/article>\n\t\t\t\t<article class=\"elementor-post elementor-grid-item post-1946 post type-post status-publish format-standard has-post-thumbnail hentry category-blog-posts\">\n\t\t\t<div class=\"elementor-post__card\">\n\t\t\t\t<a class=\"elementor-post__thumbnail__link\" href=\"https:\/\/aqia.net\/vet-solutions\/2023\/11\/06\/nutracell-25-dha-tg\/\" tabindex=\"-1\" ><div class=\"elementor-post__thumbnail\"><img loading=\"lazy\" decoding=\"async\" width=\"800\" height=\"427\" src=\"https:\/\/aqia.net\/vet-solutions\/wp-content\/uploads\/2023\/11\/Rectangle-303-1024x546.png\" class=\"attachment-large size-large wp-image-1947\" alt=\"\" srcset=\"https:\/\/aqia.net\/vet-solutions\/wp-content\/uploads\/2023\/11\/Rectangle-303-1024x546.png 1024w, https:\/\/aqia.net\/vet-solutions\/wp-content\/uploads\/2023\/11\/Rectangle-303-300x160.png 300w, https:\/\/aqia.net\/vet-solutions\/wp-content\/uploads\/2023\/11\/Rectangle-303-768x409.png 768w, https:\/\/aqia.net\/vet-solutions\/wp-content\/uploads\/2023\/11\/Rectangle-303-1536x819.png 1536w, https:\/\/aqia.net\/vet-solutions\/wp-content\/uploads\/2023\/11\/Rectangle-303.png 1912w\" sizes=\"(max-width: 800px) 100vw, 800px\" \/><\/div><\/a>\n\t\t\t\t<div class=\"elementor-post__text\">\n\t\t\t\t<h3 class=\"elementor-post__title\">\n\t\t\t<a href=\"https:\/\/aqia.net\/vet-solutions\/2023\/11\/06\/nutracell-25-dha-tg\/\" >\n\t\t\t\tNutracell 25 DHA TG\t\t\t<\/a>\n\t\t<\/h3>\n\t\t\t\t<div class=\"elementor-post__excerpt\">\n\t\t\t<p>\u00d4mega 3 de peixes de \u00e1guas marinhas profundas<\/p>\n\t\t<\/div>\n\t\t\n\t\t<a class=\"elementor-post__read-more\" href=\"https:\/\/aqia.net\/vet-solutions\/2023\/11\/06\/nutracell-25-dha-tg\/\" aria-label=\"Leia mais sobre Nutracell 25 DHA TG\" tabindex=\"-1\" >\n\t\t\tLeia mais \u00bb\t\t<\/a>\n\n\t\t\t\t<\/div>\n\t\t\t\t<div class=\"elementor-post__meta-data\">\n\t\t\t\t\t<span class=\"elementor-post-date\">\n\t\t\t6 de novembro de 2023\t\t<\/span>\n\t\t\t\t<\/div>\n\t\t\t\t\t<\/div>\n\t\t<\/article>\n\t\t\t\t<article class=\"elementor-post elementor-grid-item post-1875 post type-post status-publish format-standard has-post-thumbnail hentry category-blog-posts\">\n\t\t\t<div class=\"elementor-post__card\">\n\t\t\t\t<a class=\"elementor-post__thumbnail__link\" href=\"https:\/\/aqia.net\/vet-solutions\/2023\/11\/03\/collasil-ms-hc\/\" tabindex=\"-1\" ><div class=\"elementor-post__thumbnail\"><img loading=\"lazy\" decoding=\"async\" width=\"800\" height=\"427\" src=\"https:\/\/aqia.net\/vet-solutions\/wp-content\/uploads\/2023\/11\/Rectangle-169-1024x546.png\" class=\"attachment-large size-large wp-image-1876\" alt=\"\" srcset=\"https:\/\/aqia.net\/vet-solutions\/wp-content\/uploads\/2023\/11\/Rectangle-169-1024x546.png 1024w, https:\/\/aqia.net\/vet-solutions\/wp-content\/uploads\/2023\/11\/Rectangle-169-300x160.png 300w, https:\/\/aqia.net\/vet-solutions\/wp-content\/uploads\/2023\/11\/Rectangle-169-768x409.png 768w, https:\/\/aqia.net\/vet-solutions\/wp-content\/uploads\/2023\/11\/Rectangle-169-1536x819.png 1536w, https:\/\/aqia.net\/vet-solutions\/wp-content\/uploads\/2023\/11\/Rectangle-169.png 1912w\" sizes=\"(max-width: 800px) 100vw, 800px\" \/><\/div><\/a>\n\t\t\t\t<div class=\"elementor-post__text\">\n\t\t\t\t<h3 class=\"elementor-post__title\">\n\t\t\t<a href=\"https:\/\/aqia.net\/vet-solutions\/2023\/11\/03\/collasil-ms-hc\/\" >\n\t\t\t\tCollasil MS HC\t\t\t<\/a>\n\t\t<\/h3>\n\t\t\t\t<div class=\"elementor-post__excerpt\">\n\t\t\t<p>Sil\u00edcio org\u00e2nico biossol\u00favel estabilizado em col\u00e1geno marinho<\/p>\n\t\t<\/div>\n\t\t\n\t\t<a class=\"elementor-post__read-more\" href=\"https:\/\/aqia.net\/vet-solutions\/2023\/11\/03\/collasil-ms-hc\/\" aria-label=\"Leia mais sobre Collasil MS HC\" tabindex=\"-1\" >\n\t\t\tLeia mais \u00bb\t\t<\/a>\n\n\t\t\t\t<\/div>\n\t\t\t\t<div class=\"elementor-post__meta-data\">\n\t\t\t\t\t<span class=\"elementor-post-date\">\n\t\t\t3 de novembro de 2023\t\t<\/span>\n\t\t\t\t<\/div>\n\t\t\t\t\t<\/div>\n\t\t<\/article>\n\t\t\t\t<\/div>\n\t\t\n\t\t\t\t\t\t<\/div>\n\t\t\t\t<\/div>\n\t\t\t\t\t<\/div>\n\t\t<\/div>\n\t\t\t\t<div class=\"elementor-column elementor-col-33 elementor-top-column elementor-element elementor-element-3bd8775\" data-id=\"3bd8775\" data-element_type=\"column\" data-settings=\"{&quot;background_background&quot;:&quot;classic&quot;}\">\n\t\t\t<div class=\"elementor-widget-wrap elementor-element-populated\">\n\t\t\t\t\t\t<div class=\"elementor-element elementor-element-1b5a001 elementor-widget elementor-widget-heading\" data-id=\"1b5a001\" data-element_type=\"widget\" data-widget_type=\"heading.default\">\n\t\t\t\t<div class=\"elementor-widget-container\">\n\t\t\t\t\t<h2 class=\"elementor-heading-title elementor-size-default\">\u00daltimas novidades<\/h2>\t\t\t\t<\/div>\n\t\t\t\t<\/div>\n\t\t\t\t\t<\/div>\n\t\t<\/div>\n\t\t\t\t\t<\/div>\n\t\t<\/section>\n\t\t\t\t<\/div>\n\t\t","protected":false},"excerpt":{"rendered":"<p>Blog Fique por dentro das pr\u00f3ximas tend\u00eancias e demandas do mercado veterin\u00e1rio com nossos lan\u00e7amentos e todas as novidades dos grandes eventos do setor. \u00daltimas novidades<\/p>\n","protected":false},"author":1,"featured_media":1503,"parent":0,"menu_order":0,"comment_status":"closed","ping_status":"closed","template":"elementor_header_footer","meta":{"footnotes":""},"class_list":["post-1363","page","type-page","status-publish","has-post-thumbnail","hentry"],"_links":{"self":[{"href":"https:\/\/aqia.net\/vet-solutions\/wp-json\/wp\/v2\/pages\/1363","targetHints":{"allow":["GET"]}}],"collection":[{"href":"https:\/\/aqia.net\/vet-solutions\/wp-json\/wp\/v2\/pages"}],"about":[{"href":"https:\/\/aqia.net\/vet-solutions\/wp-json\/wp\/v2\/types\/page"}],"author":[{"embeddable":true,"href":"https:\/\/aqia.net\/vet-solutions\/wp-json\/wp\/v2\/users\/1"}],"replies":[{"embeddable":true,"href":"https:\/\/aqia.net\/vet-solutions\/wp-json\/wp\/v2\/comments?post=1363"}],"version-history":[{"count":26,"href":"https:\/\/aqia.net\/vet-solutions\/wp-json\/wp\/v2\/pages\/1363\/revisions"}],"predecessor-version":[{"id":2746,"href":"https:\/\/aqia.net\/vet-solutions\/wp-json\/wp\/v2\/pages\/1363\/revisions\/2746"}],"wp:featuredmedia":[{"embeddable":true,"href":"https:\/\/aqia.net\/vet-solutions\/wp-json\/wp\/v2\/media\/1503"}],"wp:attachment":[{"href":"https:\/\/aqia.net\/vet-solutions\/wp-json\/wp\/v2\/media?parent=1363"}],"curies":[{"name":"wp","href":"https:\/\/api.w.org\/{rel}","templated":true}]}}